mainder when o is divided by 15?
13
Let h(b) = 3*b - 37. Suppose -2*w + 3*w + 3*q = 0, 4*w + 4*q = 40. What is the remainder when w is divided by h(15)?
7
Let c(w) = -w**3 + 4*w**2 - 2*w + 3. What is the remainder when (-183)/(-12) - 2/8 is divided by c(3)?
3
Let d(w) = w**3 + 4*w**2 + 2*w + 1. Let o be d(-3). Suppose -o*q + 6*q = 10, -5*q = 2*n - 131. What is the remainder when n is divided by 14?
11
Suppose -2*b + 92 = 4*v, -4*v + b = 6*b - 104. Suppose 4*w + 3*y - 236 = 0, -w + 4*w = 4*y + 202. Calculate the remainder when w is divided by v.
20
Suppose 252 = 5*f + 7. Suppose 30 + 21 = 3*z. What is the remainder when f is divided by z?
15
Let g(z) = -4*z - 7. Calculate the remainder when 49 is divided by g(-5).
10
Suppose -3*g = 5*p + 46, -g + 2*p - 1 = -4. Let d = 13 + g. Suppose 5*b - 15 = -d*z + 4*z, -13 = -3*z + 2*b. Calculate the remainder when 7 is divided by z.
2
Let o(j) = 25*j + 1. Suppose -3 - 13 = 4*l. Let v(c) = -2*c + 1. Calculate the remainder when o(1) is divided by v(l).
8
Let u(l) = -34*l**3 - 2*l - 1. What is the remainder when u(-1) is divided by ((-36)/21)/(1/(-7))?
11
Suppose 0 = 4*l - 3*l + 5. Suppose -4*s + 4*c + 48 = 0, 6 = s - 3*c - 4. Let o = l + s. Calculate the remainder when 22 is divided by o.
6
Calculate the remainder when 46 is divided by 101/4 - (-8)/32*-1.
21
Let v(b) = -8*b - 1 + 1 + 1. Calculate the remainder when v(-2) is divided by ((-15)/(-25))/(3/45).
8
Let r(w) = w**3 - 5*w**2 - 6*w - 3. Let h be r(6). What is the remainder when 20 - (h/3)/1 is divided by 8?
5
Let g(v) = -v**2 + 7*v + 7. Let b be g(8). Let u be (-143)/b - 0/1. Suppose 4*j - l - u = -6*l, -l - 1 = 0. Calculate the remainder when j is divided by 19.
18
Let c(a) = 7*a - 1. Let b(y) = -y. Let u(r) = -6*b(r) - c(r). Calculate the remainder when 4 is divided by u(-2).
1
Let z be 12/(-18) - 4/(-6). Calculate the remainder when ((0 - -1) + z)*82 is divided by 28.
26
Let f be (46/(-3))/(8/(-36)). Suppose v = 4*d - f, -d + 9 = 2*v - 15. What is the remainder when 34 is divided by d?
16
Suppose -2*y + 5*y = -78. Let m be (y/6)/(5/30). Calculate the remainder when (m/(-3))/((-12)/(-18)) is divided by 7.
6
Let y = 2 - -1. Suppose -h - 3*q + 16 = 2*q, -3*h = 5*q - 28. Suppose -z + y*a + h = 2*z, -3*z + 11 = -2*a. Calculate the remainder when z is divided by 4.
3
Let y(h) = h + 12. Let u be y(-9). Suppose 0 = -3*a + 2*a + u. What is the remainder when a is divided by 2?
1
Let d(u) = -7*u + 4. Let n(f) = 27*f - 27 - 5*f + 26*f. Let j(t) = -27*d(t) - 4*n(t). What is the remainder when 16 is divided by j(-2)?
4
Let c = 15 + -3. Calculate the remainder when (-4)/c - (-188)/6 is divided by 16.
15
Let d(f) = -4*f - 15. Let u be (2 - 0) + 31/(-1). Let m = -20 - u. Calculate the remainder when d(-10) is divided by m.
7
Let w(u) = u**3 + 2 - u**2 + 5*u**2 - 2*u**3. Calculate the remainder when w(3) is divided by 12/14*(4 + 3).
5
Suppose 12*k = n + 8*k - 20, -3*n - k + 34 = 0. What is the remainder when n is divided by 7?
5
What is the remainder when 77 is divided by (-1)/(-1) - (-9 + 1)?
5
Suppose -3 = -4*r + z + 13, -18 = -2*r - 2*z. Suppose -d - b = -32, b - r*b - 169 = -5*d. What is the remainder when d is divided by 17?
16
Let x = 10 + 10. Let w = 3 + 3. Suppose 3*l - 182 = 4*j, 4*l - 238 = w*j - 3*j. What is the remainder when l is divided by x?
18
Calculate the remainder when 8 is divided by 2*5/10*1.
0
Let i = 107 + -75. Calculate the remainder when i is divided by 13.
6
Let r(x) = -x**2 - 10*x - 9. Let q be r(-4). Let w = -7 - -29. Calculate the remainder when (-6)/q + 636/15 is divided by w.
20
Let t(c) = c - 1. Let y be t(4). Let r(g) = 3*g - 4. What is the remainder when 13 is divided by r(y)?
3
Let g(x) = -x**3 + 7*x**2 - 5*x - 7. Let d be g(6). Let n be 0*((-6)/(-4) - 2). What is the remainder when 19 + d - (n - 2) is divided by 11?
9
Suppose -3*k - 2 = 1. Let y = -2 - -3. What is the remainder when 44 is divided by 14/y + (k - -2)?
14
Let x(h) = -h**2 - 8*h + 16. What is the remainder when 18 is divided by x(-9)?
4
Let b = -136 - -155. Calculate the remainder when 68 is divided by b.
11
Let n = 17 + -17. Suppose n = 5*t - 15, -t + 0*t + 393 = 5*f. Calculate the remainder when f is divided by 20.
18
Calculate the remainder when 5 is divided by (-3)/(-4) + (-13)/(-4).
1
Let i = 13 - 9. Suppose 0 = i*q - 5*q - 3*n + 2, 4 = 2*q - 5*n. Suppose 0 = q*x + 5*s - 6, 2*x + 0*x - 6 = 2*s. Calculate the remainder when 10 is divided by x.
1
Let v = 74 - 7. Let u(x) = x**2 + 4*x + 5. Calculate the remainder when v is divided by u(-6).
16
Suppose 3*y = 100 - 34. Calculate the remainder when y is divided by 8.
6
Suppose 0 = p + 4*f + 25 - 137, -f = -4*p + 465. Suppose -2*d + 3*j + p = 0, -d - 3*j + 71 = 2*j. What is the remainder when d is divided by 16?
13
Suppose -3*h = -250 + 49. Calculate the remainder when h is divided by 23.
21
Suppose -4*p + 2*g + 106 = 0, p + 0*g - 16 = 4*g. Let o be 4/26 - p/13. Calculate the remainder when o/(-8)*2*42 is divided by 12.
9
Let a(t) = -2*t**3 - 2*t**2 - 2*t. Calculate the remainder when 34 is divided by a(-2).
10
Let x(g) = -g**3 + g + 2. Let k be x(0). Suppose -4 = 2*z, 5*d - k*z - 72 = -6*z. Calculate the remainder when 31 is divided by d.
15
Let o be 6*(-3)/(-24)*4. Suppose -o*b = -5*b - 8. Calculate the remainder when b/(-8)*14*1 is divided by 3.
1
Let y be (3 - 3) + -14 + -1. Let w = 11 + y. Let g(m) = -m**2 - 5*m - 3. What is the remainder when g(w) is divided by 1?
0
Calculate the remainder when (-15624)/(-120) - 2/10 is divided by 33.
31
Suppose 6*g - 5*g - 27 = 0. Let b = -1 + 1. Suppose -t + 3*z - z + 11 = 0, b = 3*z + 6. Calculate the remainder when g is divided by t.
6
Suppose 4*f - 2*b - 10 = -2, 0 = 2*f - 5*b - 20. Suppose 2*u + 8 - 22 = f. What is the remainder when 25 is divided by u?
4
Let t(s) = 20*s + 2. What is the remainder when t(2) is divided by 16/2 - (-3 - 0)?
9
Suppose -2*y + 6 = -4*y. Let h(r) = -r**3 - 2*r**2 + r. Let v be h(y). Let n = v - 5. Calculate the remainder when 3 is divided by n.
0
Let x = -56 - -81. Calculate the remainder when x is divided by (0 + -14)*(1 + (-9)/6).
4
Suppose 0 = 2*j + 4*t - 12, 0 = -j + t + 2*t - 4. Suppose -3*f - j*f = -10. What is the remainder when 9/2 + 1/2 is divided by f?
1
Let c = 10 - 7. Suppose 0 = c*j + 3*l - 3, 2*j - 4*j - 5*l = 1. Calculate the remainder when 2 is divided by 1*(-3 + j - -3).
0
Let y(r) = 2*r**2 + 12*r + 1. Let o(x) = -18*x - 1. What is the remainder when y(-8) is divided by o(-1)?
16
Let z = 138 - 80. Let k(q) = -14*q + 1. Let i(d) = d. Let f(v) = -5*i(v) + k(v). Calculate the remainder when z is divided by f(-1).
18
What is the remainder when (2 - -1)/(18/96) is divided by 19/3 + 2/(-6)?
4
Let c be (2 - 4)*(-13)/(-2). Let z = -1 - c. Suppose -2*w + 35 = 5*w. What is the remainder when z is divided by w?
2
Suppose -9*i + 200 + 52 = 0. Calculate the remainder when 82 is divided by i.
26
Let v = -39 - -62. What is the remainder when 61 is divided by v - 7/((-14)/(-4))?
19
Let r(x) = -x**3 - 6*x**2 + 6*x - 6. What is the remainder when -2*3/6*-1 is divided by r(-7)?
0
Let h(o) = o**2 + 9*o - 13. Let q be h(-10). Calculate the remainder when 12 is divided by (1/q)/((-5)/75).
2
What is the remainder when 94 is divided by 16/(-72) - (-218)/9?
22
Let i(h) be the first derivative of -5*h**3/6 + 7*h**2/2 + h + 2. Let n(x) be the first derivative of i(x). What is the remainder when n(-6) is divided by 19?
18
Let s(j) = 5*j - 4. Let n = 10 - -6. What is the remainder when s(7) is divided by n?
15
Suppose 5*l + 0*l - 215 = 0. Suppose -2 - l = -3*b. What is the remainder when 27 is divided by b?
12
Let a = -35 - -20. Calculate the remainder when 103 is divided by (-52)/(-10)*a/(-3).
25
Let u(y) = 20*y - 2. Let c be u(-2). Let w = -25 - c. Calculate the remainder when w is divided by 9.
8
Suppose i + 2*p = -3*i + 174, 0 = 2*p + 2. Calculate the remainder when i is divided by 12.
8
What is the remainder when (1 - (2 - -2)) + 17 is divided by 5?
4
Suppose 0*b - b = -18. What is the remainder when b is divided by 12?
6
Suppose 3*h + 12 + 15 = 0. Let f(w) = -w**2 - 8*w + 4. Let c be f(h). Let y(s) = -s**3 - 5*s**2 + 6. Calculate the remainder when 22 is divided by y(c).
4
Let g(f) = 2*f**2 + 2*f - 1. Let s be g(-2). Suppose -2*i = b - 5, -15 = -s